{"id":24,"date":"2025-05-26T09:21:43","date_gmt":"2025-05-26T09:21:43","guid":{"rendered":"http:\/\/10.1.5.50\/dataservWeb\/?page_id=24"},"modified":"2025-07-04T11:43:35","modified_gmt":"2025-07-04T11:43:35","slug":"produtos","status":"publish","type":"page","link":"https:\/\/dataserv-mz.com\/index.php\/produtos\/","title":{"rendered":"Produtos"},"content":{"rendered":"\t\t<div data-elementor-type=\"wp-page\" data-elementor-id=\"24\" class=\"elementor elementor-24\">\n\t\t\t\t<div class=\"elementor-element elementor-element-a3f860c e-flex e-con-boxed e-con e-parent\" data-id=\"a3f860c\" data-element_type=\"container\">\n\t\t\t\t\t<div class=\"e-con-inner\">\n\t\t<div class=\"elementor-element elementor-element-e68a20f e-con-full e-flex e-con e-child\" data-id=\"e68a20f\" data-element_type=\"container\">\n\t\t\t\t<div class=\"elementor-element elementor-element-0cb717a elementor-widget elementor-widget-elementskit-heading\" data-id=\"0cb717a\" data-element_type=\"widget\" data-widget_type=\"elementskit-heading.default\">\n\t\t\t\t<div class=\"elementor-widget-container\">\n\t\t\t\t\t<div class=\"ekit-wid-con\" ><div class=\"ekit-heading elementskit-section-title-wraper text_center   ekit_heading_tablet-   ekit_heading_mobile-\"><h2 class=\"ekit-heading--title elementskit-section-title \">Servidores<\/h2><\/div><\/div>\t\t\t\t<\/div>\n\t\t\t\t<\/div>\n\t\t\t\t<div class=\"elementor-element elementor-element-2787e59 elementor-widget elementor-widget-elementskit-heading\" data-id=\"2787e59\" data-element_type=\"widget\" data-widget_type=\"elementskit-heading.default\">\n\t\t\t\t<div class=\"elementor-widget-container\">\n\t\t\t\t\t<div class=\"ekit-wid-con\" ><div class=\"ekit-heading elementskit-section-title-wraper text_center   ekit_heading_tablet-   ekit_heading_mobile-\"><h2 class=\"ekit-heading--title elementskit-section-title \">Produtos<\/h2><\/div><\/div>\t\t\t\t<\/div>\n\t\t\t\t<\/div>\n\t\t\t\t<\/div>\n\t\t<div class=\"elementor-element elementor-element-14ecce6 e-con-full e-flex e-con e-child\" data-id=\"14ecce6\" data-element_type=\"container\">\n\t\t<div class=\"elementor-element elementor-element-88210d5 e-con-full container e-flex e-con e-child\" data-id=\"88210d5\" data-element_type=\"container\">\n\t\t<div class=\"elementor-element elementor-element-a905066 e-con-full e-flex e-con e-child\" data-id=\"a905066\" data-element_type=\"container\">\n\t\t\t\t<div class=\"elementor-element elementor-element-f7bd2da elementor-widget elementor-widget-image\" data-id=\"f7bd2da\" data-element_type=\"widget\" data-widget_type=\"image.default\">\n\t\t\t\t<div class=\"elementor-widget-container\">\n\t\t\t\t\t\t\t\t\t\t\t\t\t\t\t<img decoding=\"async\" width=\"150\" height=\"150\" src=\"https:\/\/dataserv-mz.com\/wp-content\/uploads\/2025\/06\/HP-Proliant-DL160p-Gen8--150x150.jpg\" class=\"attachment-thumbnail size-thumbnail wp-image-1889\" alt=\"\" srcset=\"https:\/\/dataserv-mz.com\/wp-content\/uploads\/2025\/06\/HP-Proliant-DL160p-Gen8--150x150.jpg 150w, https:\/\/dataserv-mz.com\/wp-content\/uploads\/2025\/06\/HP-Proliant-DL160p-Gen8-.jpg 300w\" sizes=\"(max-width: 150px) 100vw, 150px\" \/>\t\t\t\t\t\t\t\t\t\t\t\t\t\t\t<\/div>\n\t\t\t\t<\/div>\n\t\t\t\t<\/div>\n\t\t<div class=\"elementor-element elementor-element-a51cb5f e-con-full e-flex e-con e-child\" data-id=\"a51cb5f\" data-element_type=\"container\">\n\t\t\t\t<div class=\"elementor-element elementor-element-5fa6e81 elementor-widget elementor-widget-elementskit-heading\" data-id=\"5fa6e81\" data-element_type=\"widget\" data-widget_type=\"elementskit-heading.default\">\n\t\t\t\t<div class=\"elementor-widget-container\">\n\t\t\t\t\t<div class=\"ekit-wid-con\" ><div class=\"ekit-heading elementskit-section-title-wraper text_center   ekit_heading_tablet-   ekit_heading_mobile-\"><h2 class=\"ekit-heading--title elementskit-section-title \">HP Proliant DL160p Gen8<\/h2><\/div><\/div>\t\t\t\t<\/div>\n\t\t\t\t<\/div>\n\t\t\t\t<\/div>\n\t\t<div class=\"elementor-element elementor-element-ebf47c2 e-con-full description e-flex e-con e-child\" data-id=\"ebf47c2\" data-element_type=\"container\">\n\t\t\t\t<div class=\"elementor-element elementor-element-dc9b4ed elementor-widget elementor-widget-text-editor\" data-id=\"dc9b4ed\" data-element_type=\"widget\" data-widget_type=\"text-editor.default\">\n\t\t\t\t<div class=\"elementor-widget-container\">\n\t\t\t\t\t\t\t\t\t<pre><strong>Sistema Operativo: <\/strong>Sem sistema operativo<br \/><strong>Processador:<\/strong> Intel Xeon E5-2600<br \/><strong>N\u00famero de N\u00facleos: <\/strong>2, 4, 6, ou 8<br \/><strong>N\u00famero de Processadores:<\/strong> 1 ou 2<br \/><strong>Form factury:<\/strong> 1U<br \/><b>Mem\u00f3ria: <\/b>At\u00e9 768GB<br \/><strong>Bancos de Mem\u00f3ria: <\/strong>DDR3 RDIMM ou UDIMM\u00a0<br \/><strong>Armazenamento:<\/strong> 4 LFF SAS\/SATA\/SSD ou 8 SFF SAS\/SATA\/SSD<br \/><strong>Controladora de Discos: <\/strong>Smart Array B120i controller,\u00a0Smart Array P420\/1GB FBWC (opcional)<br \/><strong>Placa de Rede: <\/strong>HP Ethernet 1Gb 2-port 361i Adapter<br \/><strong>Garantia: <\/strong>3 anos<br \/><br \/><\/pre>\t\t\t\t\t\t\t\t<\/div>\n\t\t\t\t<\/div>\n\t\t\t\t<\/div>\n\t\t\t\t<\/div>\n\t\t<div class=\"elementor-element elementor-element-80d1a6f e-con-full container e-flex e-con e-child\" data-id=\"80d1a6f\" data-element_type=\"container\">\n\t\t<div class=\"elementor-element elementor-element-f9a7193 e-con-full e-flex e-con e-child\" data-id=\"f9a7193\" data-element_type=\"container\">\n\t\t\t\t<div class=\"elementor-element elementor-element-7a44ce0 elementor-widget elementor-widget-image\" data-id=\"7a44ce0\" data-element_type=\"widget\" data-widget_type=\"image.default\">\n\t\t\t\t<div class=\"elementor-widget-container\">\n\t\t\t\t\t\t\t\t\t\t\t\t\t\t\t<img decoding=\"async\" width=\"150\" height=\"150\" src=\"https:\/\/dataserv-mz.com\/wp-content\/uploads\/2025\/06\/HP-Proliant-DL160p-Gen8--150x150.jpg\" class=\"attachment-thumbnail size-thumbnail wp-image-1889\" alt=\"\" srcset=\"https:\/\/dataserv-mz.com\/wp-content\/uploads\/2025\/06\/HP-Proliant-DL160p-Gen8--150x150.jpg 150w, https:\/\/dataserv-mz.com\/wp-content\/uploads\/2025\/06\/HP-Proliant-DL160p-Gen8-.jpg 300w\" sizes=\"(max-width: 150px) 100vw, 150px\" \/>\t\t\t\t\t\t\t\t\t\t\t\t\t\t\t<\/div>\n\t\t\t\t<\/div>\n\t\t\t\t<\/div>\n\t\t<div class=\"elementor-element elementor-element-ac15ba5 e-con-full e-flex e-con e-child\" data-id=\"ac15ba5\" data-element_type=\"container\">\n\t\t\t\t<div class=\"elementor-element elementor-element-79a0df5 elementor-widget elementor-widget-elementskit-heading\" data-id=\"79a0df5\" data-element_type=\"widget\" data-widget_type=\"elementskit-heading.default\">\n\t\t\t\t<div class=\"elementor-widget-container\">\n\t\t\t\t\t<div class=\"ekit-wid-con\" ><div class=\"ekit-heading elementskit-section-title-wraper text_center   ekit_heading_tablet-   ekit_heading_mobile-\"><h2 class=\"ekit-heading--title elementskit-section-title \">HP Proliant DL160p Gen8<\/h2><\/div><\/div>\t\t\t\t<\/div>\n\t\t\t\t<\/div>\n\t\t\t\t<\/div>\n\t\t<div class=\"elementor-element elementor-element-1af6899 e-con-full description e-flex e-con e-child\" data-id=\"1af6899\" data-element_type=\"container\">\n\t\t\t\t<div class=\"elementor-element elementor-element-fe5b2b3 elementor-widget elementor-widget-text-editor\" data-id=\"fe5b2b3\" data-element_type=\"widget\" data-widget_type=\"text-editor.default\">\n\t\t\t\t<div class=\"elementor-widget-container\">\n\t\t\t\t\t\t\t\t\t<pre><strong>Sistema Operativo: <\/strong>Sem sistema operativo<br \/><strong>Processador:<\/strong> Intel Xeon E5-2600<br \/><strong>N\u00famero de N\u00facleos: <\/strong>2, 4, 6, ou 8<br \/><strong>N\u00famero de Processadores:<\/strong> 1 ou 2<br \/><strong>Form factury:<\/strong> 1U<br \/><b>Mem\u00f3ria: <\/b>At\u00e9 768GB<br \/><strong>Bancos de Mem\u00f3ria: <\/strong>DDR3 RDIMM ou UDIMM\u00a0<br \/><strong>Armazenamento:<\/strong> 4 LFF SAS\/SATA\/SSD ou 8 SFF SAS\/SATA\/SSD<br \/><strong>Controladora de Discos: <\/strong>Smart Array B120i controller,\u00a0Smart Array P420\/1GB FBWC (opcional)<br \/><strong>Placa de Rede: <\/strong>HP Ethernet 1Gb 2-port 361i Adapter<br \/><strong>Garantia: <\/strong>3 anos<br \/><br \/><\/pre>\t\t\t\t\t\t\t\t<\/div>\n\t\t\t\t<\/div>\n\t\t\t\t<\/div>\n\t\t\t\t<\/div>\n\t\t<div class=\"elementor-element elementor-element-cae46dc e-con-full container e-flex e-con e-child\" data-id=\"cae46dc\" data-element_type=\"container\">\n\t\t<div class=\"elementor-element elementor-element-0afd148 e-con-full e-flex e-con e-child\" data-id=\"0afd148\" data-element_type=\"container\">\n\t\t\t\t<div class=\"elementor-element elementor-element-21baf1c elementor-widget elementor-widget-image\" data-id=\"21baf1c\" data-element_type=\"widget\" data-widget_type=\"image.default\">\n\t\t\t\t<div class=\"elementor-widget-container\">\n\t\t\t\t\t\t\t\t\t\t\t\t\t\t\t<img decoding=\"async\" width=\"150\" height=\"150\" src=\"https:\/\/dataserv-mz.com\/wp-content\/uploads\/2025\/06\/HP-Proliant-DL160p-Gen8--150x150.jpg\" class=\"attachment-thumbnail size-thumbnail wp-image-1889\" alt=\"\" srcset=\"https:\/\/dataserv-mz.com\/wp-content\/uploads\/2025\/06\/HP-Proliant-DL160p-Gen8--150x150.jpg 150w, https:\/\/dataserv-mz.com\/wp-content\/uploads\/2025\/06\/HP-Proliant-DL160p-Gen8-.jpg 300w\" sizes=\"(max-width: 150px) 100vw, 150px\" \/>\t\t\t\t\t\t\t\t\t\t\t\t\t\t\t<\/div>\n\t\t\t\t<\/div>\n\t\t\t\t<\/div>\n\t\t<div class=\"elementor-element elementor-element-29b2bc0 e-con-full e-flex e-con e-child\" data-id=\"29b2bc0\" data-element_type=\"container\">\n\t\t\t\t<div class=\"elementor-element elementor-element-066b481 elementor-widget elementor-widget-elementskit-heading\" data-id=\"066b481\" data-element_type=\"widget\" data-widget_type=\"elementskit-heading.default\">\n\t\t\t\t<div class=\"elementor-widget-container\">\n\t\t\t\t\t<div class=\"ekit-wid-con\" ><div class=\"ekit-heading elementskit-section-title-wraper text_center   ekit_heading_tablet-   ekit_heading_mobile-\"><h2 class=\"ekit-heading--title elementskit-section-title \">HP Proliant DL160p Gen8<\/h2><\/div><\/div>\t\t\t\t<\/div>\n\t\t\t\t<\/div>\n\t\t\t\t<\/div>\n\t\t<div class=\"elementor-element elementor-element-44a87ad e-con-full description e-flex e-con e-child\" data-id=\"44a87ad\" data-element_type=\"container\">\n\t\t\t\t<div class=\"elementor-element elementor-element-1973eab elementor-widget elementor-widget-text-editor\" data-id=\"1973eab\" data-element_type=\"widget\" data-widget_type=\"text-editor.default\">\n\t\t\t\t<div class=\"elementor-widget-container\">\n\t\t\t\t\t\t\t\t\t<pre><strong>Sistema Operativo: <\/strong>Sem sistema operativo<br \/><strong>Processador:<\/strong> Intel Xeon E5-2600<br \/><strong>N\u00famero de N\u00facleos: <\/strong>2, 4, 6, ou 8<br \/><strong>N\u00famero de Processadores:<\/strong> 1 ou 2<br \/><strong>Form factury:<\/strong> 1U<br \/><b>Mem\u00f3ria: <\/b>At\u00e9 768GB<br \/><strong>Bancos de Mem\u00f3ria: <\/strong>DDR3 RDIMM ou UDIMM\u00a0<br \/><strong>Armazenamento:<\/strong> 4 LFF SAS\/SATA\/SSD ou 8 SFF SAS\/SATA\/SSD<br \/><strong>Controladora de Discos: <\/strong>Smart Array B120i controller,\u00a0Smart Array P420\/1GB FBWC (opcional)<br \/><strong>Placa de Rede: <\/strong>HP Ethernet 1Gb 2-port 361i Adapter<br \/><strong>Garantia: <\/strong>3 anos<br \/><br \/><\/pre>\t\t\t\t\t\t\t\t<\/div>\n\t\t\t\t<\/div>\n\t\t\t\t<\/div>\n\t\t\t\t<\/div>\n\t\t<div class=\"elementor-element elementor-element-d2a3e23 e-con-full container e-flex e-con e-child\" data-id=\"d2a3e23\" data-element_type=\"container\">\n\t\t<div class=\"elementor-element elementor-element-b4a3cbd e-con-full e-flex e-con e-child\" data-id=\"b4a3cbd\" data-element_type=\"container\">\n\t\t\t\t<div class=\"elementor-element elementor-element-21d6d08 elementor-widget elementor-widget-image\" data-id=\"21d6d08\" data-element_type=\"widget\" data-widget_type=\"image.default\">\n\t\t\t\t<div class=\"elementor-widget-container\">\n\t\t\t\t\t\t\t\t\t\t\t\t\t\t\t<img decoding=\"async\" width=\"150\" height=\"150\" src=\"https:\/\/dataserv-mz.com\/wp-content\/uploads\/2025\/06\/HP-Proliant-DL160p-Gen8--150x150.jpg\" class=\"attachment-thumbnail size-thumbnail wp-image-1889\" alt=\"\" srcset=\"https:\/\/dataserv-mz.com\/wp-content\/uploads\/2025\/06\/HP-Proliant-DL160p-Gen8--150x150.jpg 150w, https:\/\/dataserv-mz.com\/wp-content\/uploads\/2025\/06\/HP-Proliant-DL160p-Gen8-.jpg 300w\" sizes=\"(max-width: 150px) 100vw, 150px\" \/>\t\t\t\t\t\t\t\t\t\t\t\t\t\t\t<\/div>\n\t\t\t\t<\/div>\n\t\t\t\t<\/div>\n\t\t<div class=\"elementor-element elementor-element-5fb46d9 e-con-full e-flex e-con e-child\" data-id=\"5fb46d9\" data-element_type=\"container\">\n\t\t\t\t<div class=\"elementor-element elementor-element-313ff69 elementor-widget elementor-widget-elementskit-heading\" data-id=\"313ff69\" data-element_type=\"widget\" data-widget_type=\"elementskit-heading.default\">\n\t\t\t\t<div class=\"elementor-widget-container\">\n\t\t\t\t\t<div class=\"ekit-wid-con\" ><div class=\"ekit-heading elementskit-section-title-wraper text_center   ekit_heading_tablet-   ekit_heading_mobile-\"><h2 class=\"ekit-heading--title elementskit-section-title \">HP Proliant DL160p Gen8<\/h2><\/div><\/div>\t\t\t\t<\/div>\n\t\t\t\t<\/div>\n\t\t\t\t<\/div>\n\t\t<div class=\"elementor-element elementor-element-18e10ae e-con-full description e-flex e-con e-child\" data-id=\"18e10ae\" data-element_type=\"container\">\n\t\t\t\t<div class=\"elementor-element elementor-element-a8d1bd0 elementor-widget elementor-widget-text-editor\" data-id=\"a8d1bd0\" data-element_type=\"widget\" data-widget_type=\"text-editor.default\">\n\t\t\t\t<div class=\"elementor-widget-container\">\n\t\t\t\t\t\t\t\t\t<pre><strong>Sistema Operativo: <\/strong>Sem sistema operativo<br \/><strong>Processador:<\/strong> Intel Xeon E5-2600<br \/><strong>N\u00famero de N\u00facleos: <\/strong>2, 4, 6, ou 8<br \/><strong>N\u00famero de Processadores:<\/strong> 1 ou 2<br \/><strong>Form factury:<\/strong> 1U<br \/><b>Mem\u00f3ria: <\/b>At\u00e9 768GB<br \/><strong>Bancos de Mem\u00f3ria: <\/strong>DDR3 RDIMM ou UDIMM\u00a0<br \/><strong>Armazenamento:<\/strong> 4 LFF SAS\/SATA\/SSD ou 8 SFF SAS\/SATA\/SSD<br \/><strong>Controladora de Discos: <\/strong>Smart Array B120i controller,\u00a0Smart Array P420\/1GB FBWC (opcional)<br \/><strong>Placa de Rede: <\/strong>HP Ethernet 1Gb 2-port 361i Adapter<br \/><strong>Garantia: <\/strong>3 anos<br \/><br \/><\/pre>\t\t\t\t\t\t\t\t<\/div>\n\t\t\t\t<\/div>\n\t\t\t\t<\/div>\n\t\t\t\t<\/div>\n\t\t<div class=\"elementor-element elementor-element-52b8e9d e-con-full container e-flex e-con e-child\" data-id=\"52b8e9d\" data-element_type=\"container\">\n\t\t<div class=\"elementor-element elementor-element-c70683f e-con-full e-flex e-con e-child\" data-id=\"c70683f\" data-element_type=\"container\">\n\t\t\t\t<div class=\"elementor-element elementor-element-4e8b85b elementor-widget elementor-widget-image\" data-id=\"4e8b85b\" data-element_type=\"widget\" data-widget_type=\"image.default\">\n\t\t\t\t<div class=\"elementor-widget-container\">\n\t\t\t\t\t\t\t\t\t\t\t\t\t\t\t<img decoding=\"async\" width=\"150\" height=\"150\" src=\"https:\/\/dataserv-mz.com\/wp-content\/uploads\/2025\/06\/HP-Proliant-DL160p-Gen8--150x150.jpg\" class=\"attachment-thumbnail size-thumbnail wp-image-1889\" alt=\"\" srcset=\"https:\/\/dataserv-mz.com\/wp-content\/uploads\/2025\/06\/HP-Proliant-DL160p-Gen8--150x150.jpg 150w, https:\/\/dataserv-mz.com\/wp-content\/uploads\/2025\/06\/HP-Proliant-DL160p-Gen8-.jpg 300w\" sizes=\"(max-width: 150px) 100vw, 150px\" \/>\t\t\t\t\t\t\t\t\t\t\t\t\t\t\t<\/div>\n\t\t\t\t<\/div>\n\t\t\t\t<\/div>\n\t\t<div class=\"elementor-element elementor-element-2267b15 e-con-full e-flex e-con e-child\" data-id=\"2267b15\" data-element_type=\"container\">\n\t\t\t\t<div class=\"elementor-element elementor-element-8e7405c elementor-widget elementor-widget-elementskit-heading\" data-id=\"8e7405c\" data-element_type=\"widget\" data-widget_type=\"elementskit-heading.default\">\n\t\t\t\t<div class=\"elementor-widget-container\">\n\t\t\t\t\t<div class=\"ekit-wid-con\" ><div class=\"ekit-heading elementskit-section-title-wraper text_center   ekit_heading_tablet-   ekit_heading_mobile-\"><h2 class=\"ekit-heading--title elementskit-section-title \">HP Proliant DL160p Gen8<\/h2><\/div><\/div>\t\t\t\t<\/div>\n\t\t\t\t<\/div>\n\t\t\t\t<\/div>\n\t\t<div class=\"elementor-element elementor-element-f33638b e-con-full description e-flex e-con e-child\" data-id=\"f33638b\" data-element_type=\"container\">\n\t\t\t\t<div class=\"elementor-element elementor-element-7d6fa00 elementor-widget elementor-widget-text-editor\" data-id=\"7d6fa00\" data-element_type=\"widget\" data-widget_type=\"text-editor.default\">\n\t\t\t\t<div class=\"elementor-widget-container\">\n\t\t\t\t\t\t\t\t\t<pre><strong>Sistema Operativo: <\/strong>Sem sistema operativo<br \/><strong>Processador:<\/strong> Intel Xeon E5-2600<br \/><strong>N\u00famero de N\u00facleos: <\/strong>2, 4, 6, ou 8<br \/><strong>N\u00famero de Processadores:<\/strong> 1 ou 2<br \/><strong>Form factury:<\/strong> 1U<br \/><b>Mem\u00f3ria: <\/b>At\u00e9 768GB<br \/><strong>Bancos de Mem\u00f3ria: <\/strong>DDR3 RDIMM ou UDIMM\u00a0<br \/><strong>Armazenamento:<\/strong> 4 LFF SAS\/SATA\/SSD ou 8 SFF SAS\/SATA\/SSD<br \/><strong>Controladora de Discos: <\/strong>Smart Array B120i controller,\u00a0Smart Array P420\/1GB FBWC (opcional)<br \/><strong>Placa de Rede: <\/strong>HP Ethernet 1Gb 2-port 361i Adapter<br \/><strong>Garantia: <\/strong>3 anos<br \/><br \/><\/pre>\t\t\t\t\t\t\t\t<\/div>\n\t\t\t\t<\/div>\n\t\t\t\t<\/div>\n\t\t\t\t<\/div>\n\t\t<div class=\"elementor-element elementor-element-f512f8f e-con-full container e-flex e-con e-child\" data-id=\"f512f8f\" data-element_type=\"container\">\n\t\t<div class=\"elementor-element elementor-element-a2477dd e-con-full e-flex e-con e-child\" data-id=\"a2477dd\" data-element_type=\"container\">\n\t\t\t\t<div class=\"elementor-element elementor-element-c038452 elementor-widget elementor-widget-image\" data-id=\"c038452\" data-element_type=\"widget\" data-widget_type=\"image.default\">\n\t\t\t\t<div class=\"elementor-widget-container\">\n\t\t\t\t\t\t\t\t\t\t\t\t\t\t\t<img decoding=\"async\" width=\"150\" height=\"150\" src=\"https:\/\/dataserv-mz.com\/wp-content\/uploads\/2025\/06\/HP-Proliant-DL160p-Gen8--150x150.jpg\" class=\"attachment-thumbnail size-thumbnail wp-image-1889\" alt=\"\" srcset=\"https:\/\/dataserv-mz.com\/wp-content\/uploads\/2025\/06\/HP-Proliant-DL160p-Gen8--150x150.jpg 150w, https:\/\/dataserv-mz.com\/wp-content\/uploads\/2025\/06\/HP-Proliant-DL160p-Gen8-.jpg 300w\" sizes=\"(max-width: 150px) 100vw, 150px\" \/>\t\t\t\t\t\t\t\t\t\t\t\t\t\t\t<\/div>\n\t\t\t\t<\/div>\n\t\t\t\t<\/div>\n\t\t<div class=\"elementor-element elementor-element-391eeab e-con-full e-flex e-con e-child\" data-id=\"391eeab\" data-element_type=\"container\">\n\t\t\t\t<div class=\"elementor-element elementor-element-159b07d elementor-widget elementor-widget-elementskit-heading\" data-id=\"159b07d\" data-element_type=\"widget\" data-widget_type=\"elementskit-heading.default\">\n\t\t\t\t<div class=\"elementor-widget-container\">\n\t\t\t\t\t<div class=\"ekit-wid-con\" ><div class=\"ekit-heading elementskit-section-title-wraper text_center   ekit_heading_tablet-   ekit_heading_mobile-\"><h2 class=\"ekit-heading--title elementskit-section-title \">HP Proliant DL160p Gen8<\/h2><\/div><\/div>\t\t\t\t<\/div>\n\t\t\t\t<\/div>\n\t\t\t\t<\/div>\n\t\t<div class=\"elementor-element elementor-element-0ad3664 e-con-full description e-flex e-con e-child\" data-id=\"0ad3664\" data-element_type=\"container\">\n\t\t\t\t<div class=\"elementor-element elementor-element-d4e3879 elementor-widget elementor-widget-text-editor\" data-id=\"d4e3879\" data-element_type=\"widget\" data-widget_type=\"text-editor.default\">\n\t\t\t\t<div class=\"elementor-widget-container\">\n\t\t\t\t\t\t\t\t\t<pre><strong>Sistema Operativo: <\/strong>Sem sistema operativo<br \/><strong>Processador:<\/strong> Intel Xeon E5-2600<br \/><strong>N\u00famero de N\u00facleos: <\/strong>2, 4, 6, ou 8<br \/><strong>N\u00famero de Processadores:<\/strong> 1 ou 2<br \/><strong>Form factury:<\/strong> 1U<br \/><b>Mem\u00f3ria: <\/b>At\u00e9 768GB<br \/><strong>Bancos de Mem\u00f3ria: <\/strong>DDR3 RDIMM ou UDIMM\u00a0<br \/><strong>Armazenamento:<\/strong> 4 LFF SAS\/SATA\/SSD ou 8 SFF SAS\/SATA\/SSD<br \/><strong>Controladora de Discos: <\/strong>Smart Array B120i controller,\u00a0Smart Array P420\/1GB FBWC (opcional)<br \/><strong>Placa de Rede: <\/strong>HP Ethernet 1Gb 2-port 361i Adapter<br \/><strong>Garantia: <\/strong>3 anos<br \/><br \/><\/pre>\t\t\t\t\t\t\t\t<\/div>\n\t\t\t\t<\/div>\n\t\t\t\t<\/div>\n\t\t\t\t<\/div>\n\t\t\t\t<\/div>\n\t\t\t\t\t<\/div>\n\t\t\t\t<\/div>\n\t\t\t\t<\/div>\n\t\t","protected":false},"excerpt":{"rendered":"<p>Servidores Produtos HP Proliant DL160p Gen8 Sistema Operativo: Sem sistema operativoProcessador: Intel Xeon E5-2600N\u00famero de N\u00facleos: 2, 4, 6, ou 8N\u00famero de Processadores: 1 ou 2Form factury: 1UMem\u00f3ria: At\u00e9 768GBBancos de Mem\u00f3ria: DDR3 RDIMM ou UDIMM\u00a0Armazenamento: 4 LFF SAS\/SATA\/SSD ou 8 SFF SAS\/SATA\/SSDControladora de Discos: Smart Array B120i controller,\u00a0Smart Array P420\/1GB FBWC (opcional)Placa de Rede: [&hellip;]<\/p>\n","protected":false},"author":1,"featured_media":0,"parent":0,"menu_order":0,"comment_status":"closed","ping_status":"closed","template":"","meta":{"footnotes":""},"class_list":["post-24","page","type-page","status-publish","hentry"],"_links":{"self":[{"href":"https:\/\/dataserv-mz.com\/index.php\/wp-json\/wp\/v2\/pages\/24","targetHints":{"allow":["GET"]}}],"collection":[{"href":"https:\/\/dataserv-mz.com\/index.php\/wp-json\/wp\/v2\/pages"}],"about":[{"href":"https:\/\/dataserv-mz.com\/index.php\/wp-json\/wp\/v2\/types\/page"}],"author":[{"embeddable":true,"href":"https:\/\/dataserv-mz.com\/index.php\/wp-json\/wp\/v2\/users\/1"}],"replies":[{"embeddable":true,"href":"https:\/\/dataserv-mz.com\/index.php\/wp-json\/wp\/v2\/comments?post=24"}],"version-history":[{"count":71,"href":"https:\/\/dataserv-mz.com\/index.php\/wp-json\/wp\/v2\/pages\/24\/revisions"}],"predecessor-version":[{"id":2363,"href":"https:\/\/dataserv-mz.com\/index.php\/wp-json\/wp\/v2\/pages\/24\/revisions\/2363"}],"wp:attachment":[{"href":"https:\/\/dataserv-mz.com\/index.php\/wp-json\/wp\/v2\/media?parent=24"}],"curies":[{"name":"wp","href":"https:\/\/api.w.org\/{rel}","templated":true}]}}